s divided by 34.
17
Calculate the remainder when 44352 is divided by 1728.
1152
Calculate the remainder when 17691 is divided by 12020.
5671
Calculate the remainder when 526893 is divided by 617.
592
What is the remainder when 108706 is divided by 118?
28
What is the remainder when 751736735 is divided by 7460?
7455
Calculate the remainder when 17695320 is divided by 25.
20
Calculate the remainder when 2801211 is divided by 2749.
2729
Calculate the remainder when 88894 is divided by 494.
468
What is the remainder when 829151 is divided by 234?
89
Calculate the remainder when 2460973 is divided by 273439.
22
Calculate the remainder when 91568 is divided by 4494.
1688
Calculate the remainder when 731588 is divided by 481.
468
What is the remainder when 701207 is divided by 700831?
376
Calculate the remainder when 345757 is divided by 185.
177
Calculate the remainder when 1308158 is divided by 1308127.
31
Calculate the remainder when 85843 is divided by 1708.
443
What is the remainder when 50711598 is divided by 56?
14
What is the remainder when 90598713 is divided by 212673?
15
What is the remainder when 3150684 is divided by 5?
4
What is the remainder when 135613692 is divided by 30523?
3
Calculate the remainder when 27600 is divided by 137.
63
Calculate the remainder when 260267804 is divided by 1295.
1294
What is the remainder when 567404 is divided by 955?
134
What is the remainder when 2917230 is divided by 583431?
75
Calculate the remainder when 416310 is divided by 151.
3
Calculate the remainder when 542539 is divided by 542284.
255
Calculate the remainder when 3007119 is divided by 3563.
3510
What is the remainder when 39673761 is divided by 15?
6
What is the remainder when 706808212 is divided by 42?
40
What is the remainder when 91380 is divided by 7009?
263
Calculate the remainder when 66315 is divided by 65865.
450
What is the remainder when 129194 is divided by 1593?
161
What is the remainder when 17228726 is divided by 5742834?
224
Calculate the remainder when 71004 is divided by 123.
33
What is the remainder when 74581861 is divided by 753352?
13
Calculate the remainder when 75085 is divided by 1917.
322
Calculate the remainder when 1816004 is divided by 3906.
3620
What is the remainder when 6460132 is divided by 87299?
6
Calculate the remainder when 2784204 is divided by 9248.
556
Calculate the remainder when 14154837 is divided by 4718272.
21
What is the remainder when 1985784 is divided by 2758?
24
Calculate the remainder when 2967368 is divided by 1668.
1664
Calculate the remainder when 7365589 is divided by 22.
11
What is the remainder when 10081239 is divided by 13?
12
What is the remainder when 27569 is divided by 316?
77
What is the remainder when 1806686 is divided by 175?
161
Calculate the remainder when 348534 is divided by 346786.
1748
Calculate the remainder when 64741415 is divided by 1092.
11
Calculate the remainder when 6701 is divided by 477.
23
Calculate the remainder when 17834774 is divided by 21.
20
What is the remainder when 94305 is divided by 135?
75
Calculate the remainder when 203380 is divided by 35.
30
Calculate the remainder when 3477701 is divided by 17135.
16431
Calculate the remainder when 166227502 is divided by 1007.
1005
Calculate the remainder when 1911146 is divided by 15665.
16
Calculate the remainder when 546059112 is divided by 105.
102
Calculate the remainder when 3960680 is divided by 232979.
37
What is the remainder when 12693 is divided by 1781?
226
What is the remainder when 3056864 is divided by 4017?
3944
Calculate the remainder when 6272 is divided by 2918.
436
Calculate the remainder when 1964958 is divided by 654983.
9
What is the remainder when 49497 is divided by 24585?
327
What is the remainder when 15370533 is divided by 16?
5
Calculate the remainder when 16497989 is divided by 105.
74
Calculate the remainder when 192432 is divided by 2829.
60
What is the remainder when 539852 is divided by 3047?
533
What is the remainder when 1337482 is divided by 148590?
172
What is the remainder when 1577749 is divided by 992?
469
What is the remainder when 277053 is divided by 276962?
91
Calculate the remainder when 18455676 is divided by 111.
39
Calculate the remainder when 38957 is divided by 2965.
412
Calculate the remainder when 569603 is divided by 142374.
107
What is the remainder when 157570 is divided by 1541?
388
Calculate the remainder when 1528166 is divided by 92.
46
What is the remainder when 21595779 is divided by 96?
3
Calculate the remainder when 309058865 is divided by 47.
25
What is the remainder when 35243 is divided by 6969?
398
Calculate the remainder when 24624278 is divided by 312.
302
Calculate the remainder when 1359645765 is divided by 39.
36
Calculate the remainder when 34043056 is divided by 9.
7
What is the remainder when 5874483 is divided by 246?
3
What is the remainder when 15613179 is divided by 300253?
23
What is the remainder when 388033 is divided by 64671?
7
Calculate the remainder when 44069026 is divided by 3786.
3772
Calculate the remainder when 93801000 is divided by 1598.
1596
Calculate the remainder when 16719128 is divided by 43.
40
What is the remainder when 160788 is divided by 6698?
36
Calculate the remainder when 5348852 is divided by 344.
340
Calculate the remainder when 37999 is divided by 4095.
1144
Calculate the remainder when 21497173 is divided by 4299434.
3
What is the remainder when 12908979 is divided by 13079?
6
Calculate the remainder when 111704628 is divided by 1670.
1668
What is the remainder when 28148357 is divided by 5?
2
What is the remainder when 37809911 is divided by 12603290?
41
Calculate the remainder when 90925383 is divided by 27.
21
What is the remainder when 149716 is divided by 11501?
203
Calculate the remainder when 24375921 is divided by 9.
6
Calculate the remainder when 105501180 is divided by 136.
132
What is the remainder when 456299 is divided by 1536?
107
What is the remainder when 50503 is divided by 50457?
46
What is the remainder when 349407 is divided by 11270?
37
What is the remainder when 267311 is divided by 53461?
6
Calculate the remainder when 8052024 is divided by 187.
178
Calculate the remainder when 28375 is divided by 2269.
1147
Calculate the remainder when 25012471 is divided by 646.
643
Calculate the remainder when 1232130 is divided by 308030.
10
Calculate the remainder when 1008596 is divided by 600.
596
Calculate the remainder when 345868 is divided by 3033.
106
What is the remainder when 265234 is divided by 189?
67
What is the remainder when 29134236 is divided by 155798?
10
What is the remainder when 3331023 is divided by 3331015?
8
What is the remainder when 204751309 is divided by 3257?
4
What is the remainder when 152741 is divided by 12726?
29
What is the remainder when 137309 is divided by 2985?
2984
Calculate the remainder when 22515 is divided by 22145.
370
What is the remainder when 623031 is divided by 1918?
1599
Calculate the remainder when 10796989 is divided by 35.
14
Calculate the remainder when 47995188 is divided by 419.
414
What is the remainder when 2105305 is divided by 11761?
86
Calculate the remainder when 219605 is divided by 365.
240
What is the remainder when 5096 is divided by 1439?
779
What is the remainder when 220370 is divided by 3553?
84
Calculate the remainder when 893538 is divided by 12.
6
What is the remainder when 92921 is divided by 8173?
3018
What is the remainder when 3318322 is divided by 3471?
46
Calculate the remainder when 10161780 is divided by 3772.
12
Calculate the remainder when 289108 is divided by 20647.
50
Calculate the remainder when 443622 is divided by 670.
82
Calculate the remainder when 236217 is divided by 16862.
149
What is the remainder when 4518174 is divided by 949?
934
What is the remainder when 1222655 is divided by 16981?
23
What is the remainder when 20012318 is divided by 80?
78
Calculate the remainder when 112918 is divided by 36958.
2044
Calculate the remainder when 5912372 is divided by 94.
54
Calculate the remainder when 11673227 is divided by 178.
165
Calculate the remainder when 4324313587 is divided by 1117.
1116
Calculate the remainder when 8275859 is divided by 15.
14
What is the remainder when 15161358 is divide